{"id":14472,"date":"2024-08-25T06:28:56","date_gmt":"2024-08-25T06:28:56","guid":{"rendered":"http:\/\/localhost:10066\/?page_id=2"},"modified":"2025-09-30T12:43:35","modified_gmt":"2025-09-30T12:43:35","slug":"services","status":"publish","type":"page","link":"https:\/\/by-taxi-lille.fr\/index.php\/services\/","title":{"rendered":"Nos services"},"content":{"rendered":"\t\t<div data-elementor-type=\"wp-page\" data-elementor-id=\"14472\" class=\"elementor elementor-14472\">\n\t\t\t\t\t\t<section class=\"elementor-section elementor-top-section elementor-element elementor-element-98659cc elementor-section-boxed elementor-section-height-default elementor-section-height-default\" data-id=\"98659cc\" data-element_type=\"section\">\n\t\t\t\t\t\t<div class=\"elementor-container elementor-column-gap-default\">\n\t\t\t\t\t<div class=\"elementor-column elementor-col-100 elementor-top-column elementor-element elementor-element-cf6ec8f\" data-id=\"cf6ec8f\" data-element_type=\"column\">\n\t\t\t<div class=\"elementor-widget-wrap elementor-element-populated\">\n\t\t\t\t\t\t<div class=\"elementor-element elementor-element-e5c8442 elementor-widget elementor-widget-ci_heading\" data-id=\"e5c8442\" data-element_type=\"widget\" data-widget_type=\"ci_heading.default\">\n\t\t\t\t<div class=\"elementor-widget-container\">\n\t\t\t\t\t<div class=\"section-title\"><span class=\"sec-subtitle-text mb-30\" ><small class=\"line-design line-design-left\"><\/small>Nos services<small class=\"line-design line-design-right\"><\/small><\/span><H2\n\t\tclass=\"heading-title\">\n\n\t\tDes services fiables, <br>des trajets en toute s\u00e9r\u00e9nit\u00e9\n\n\t\t<\/H2><\/div>\t\t\t\t<\/div>\n\t\t\t\t<\/div>\n\t\t\t\t<div class=\"elementor-element elementor-element-5a72adc elementor-widget elementor-widget-text-editor\" data-id=\"5a72adc\" data-element_type=\"widget\" data-widget_type=\"text-editor.default\">\n\t\t\t\t\t\t\t\t\t<p><strong>NOS TARIFS TRANSPARENTS<\/strong><\/p><p><br \/><strong><span style=\"text-decoration: underline;\">Jour de 7h \u00e0 19h<\/span><\/strong> &#8211; Aller simple : 2,42 \u20ac \/ km<\/p><p><span style=\"text-decoration: underline;\"><strong>Nuit de 19h \u00e0 7h<\/strong><\/span> &#8211; Aller simple : 3,10 \u20ac \/ km<\/p>\t\t\t\t\t\t\t\t<\/div>\n\t\t\t\t\t<\/div>\n\t\t<\/div>\n\t\t\t\t\t<\/div>\n\t\t<\/section>\n\t\t\t\t<section class=\"elementor-section elementor-top-section elementor-element elementor-element-4c63c21 elementor-section-content-middle elementor-section-boxed elementor-section-height-default elementor-section-height-default\" data-id=\"4c63c21\" data-element_type=\"section\">\n\t\t\t\t\t\t<div class=\"elementor-container elementor-column-gap-narrow\">\n\t\t\t\t\t<div class=\"elementor-column elementor-col-50 elementor-top-column elementor-element elementor-element-0d388f8\" data-id=\"0d388f8\" data-element_type=\"column\">\n\t\t\t<div class=\"elementor-widget-wrap elementor-element-populated\">\n\t\t\t\t\t\t<div class=\"elementor-element elementor-element-9aabefb elementor-hidden-mobile elementor-widget elementor-widget-image\" data-id=\"9aabefb\" data-element_type=\"widget\" data-widget_type=\"image.default\">\n\t\t\t\t\t\t\t\t\t\t\t\t\t\t\t<img fetchpriority=\"high\" decoding=\"async\" width=\"640\" height=\"427\" src=\"https:\/\/by-taxi-lille.fr\/wp-content\/uploads\/2025\/09\/2149204547-1024x683.jpg\" class=\"attachment-large size-large wp-image-16388\" alt=\"\" srcset=\"https:\/\/by-taxi-lille.fr\/wp-content\/uploads\/2025\/09\/2149204547-1024x683.jpg 1024w, https:\/\/by-taxi-lille.fr\/wp-content\/uploads\/2025\/09\/2149204547-300x200.jpg 300w, https:\/\/by-taxi-lille.fr\/wp-content\/uploads\/2025\/09\/2149204547-768x512.jpg 768w, https:\/\/by-taxi-lille.fr\/wp-content\/uploads\/2025\/09\/2149204547-1536x1025.jpg 1536w, https:\/\/by-taxi-lille.fr\/wp-content\/uploads\/2025\/09\/2149204547.jpg 2000w\" sizes=\"(max-width: 640px) 100vw, 640px\" \/>\t\t\t\t\t\t\t\t\t\t\t\t\t\t\t<\/div>\n\t\t\t\t\t<\/div>\n\t\t<\/div>\n\t\t\t\t<div class=\"elementor-column elementor-col-50 elementor-top-column elementor-element elementor-element-310d774\" data-id=\"310d774\" data-element_type=\"column\">\n\t\t\t<div class=\"elementor-widget-wrap elementor-element-populated\">\n\t\t\t\t\t\t<div class=\"elementor-element elementor-element-ff9434a elementor-widget elementor-widget-heading\" data-id=\"ff9434a\" data-element_type=\"widget\" data-widget_type=\"heading.default\">\n\t\t\t\t\t<h2 class=\"elementor-heading-title elementor-size-default\">Confort, discr\u00e9tion et s\u00e9curit\u00e9 au quotidien<\/h2>\t\t\t\t<\/div>\n\t\t\t\t<div class=\"elementor-element elementor-element-8573a29 elementor-widget elementor-widget-text-editor\" data-id=\"8573a29\" data-element_type=\"widget\" data-widget_type=\"text-editor.default\">\n\t\t\t\t\t\t\t\t\t<p data-start=\"868\" data-end=\"1302\"><strong data-start=\"868\" data-end=\"908\">Installez-vous, on s\u2019occupe de tout.<\/strong> Nos v\u00e9hicules sont entretenus, confortables et adapt\u00e9s \u00e0 vos besoins, du court au long trajet. Nous assurons les transferts gares\/a\u00e9roports, la mise \u00e0 disposition horaire, les d\u00e9placements professionnels et m\u00e9dicaux, de jour comme de nuit. Itin\u00e9raires optimis\u00e9s, conduite souple, aide aux bagages et communication claire : vous arrivez \u00e0 l\u2019heure, sereinement, partout sur Lille &amp; la M\u00e9tropole.<\/p>\t\t\t\t\t\t\t\t<\/div>\n\t\t\t\t\t<\/div>\n\t\t<\/div>\n\t\t\t\t\t<\/div>\n\t\t<\/section>\n\t\t\t\t<section class=\"elementor-section elementor-top-section elementor-element elementor-element-055eedd elementor-section-content-middle elementor-section-boxed elementor-section-height-default elementor-section-height-default\" data-id=\"055eedd\" data-element_type=\"section\">\n\t\t\t\t\t\t<div class=\"elementor-container elementor-column-gap-default\">\n\t\t\t\t\t<div class=\"elementor-column elementor-col-50 elementor-top-column elementor-element elementor-element-36312de\" data-id=\"36312de\" data-element_type=\"column\">\n\t\t\t<div class=\"elementor-widget-wrap elementor-element-populated\">\n\t\t\t\t\t\t<div class=\"elementor-element elementor-element-cf0eed7 elementor-widget elementor-widget-ci_heading\" data-id=\"cf0eed7\" data-element_type=\"widget\" data-widget_type=\"ci_heading.default\">\n\t\t\t\t<div class=\"elementor-widget-container\">\n\t\t\t\t\t<div class=\"section-title\"><span class=\"sec-subtitle-text mb-30\" ><small class=\"line-design line-design-left\"><\/small>Pourquoi nous choisir ?<\/span><H2\n\t\tclass=\"heading-title\">\n\n\t\tBy Taxi Lille, <i>un service<\/i> qui vous accompagne\n\n\t\t<\/H2><\/div>\t\t\t\t<\/div>\n\t\t\t\t<\/div>\n\t\t\t\t<div class=\"elementor-element elementor-element-93d71af elementor-widget elementor-widget-text-editor\" data-id=\"93d71af\" data-element_type=\"widget\" data-widget_type=\"text-editor.default\">\n\t\t\t\t\t\t\t\t\t<p>Fiabilit\u00e9, clart\u00e9 et disponibilit\u00e9. Chauffeurs exp\u00e9riment\u00e9s, suivi des r\u00e9servations et trajets ajust\u00e9s en temps r\u00e9el : nous privil\u00e9gions votre confort et votre timing. Notre \u00e9quipe g\u00e8re les al\u00e9as (retards, changements, adresses multiples) sans stress, dans le respect du code et de vos contraintes. Vous b\u00e9n\u00e9ficiez d\u2019un interlocuteur unique et d\u2019une qualit\u00e9 constante.<\/p>\t\t\t\t\t\t\t\t<\/div>\n\t\t\t\t<div class=\"elementor-element elementor-element-4547397 elementor-widget-divider--view-line elementor-widget elementor-widget-divider\" data-id=\"4547397\" data-element_type=\"widget\" data-widget_type=\"divider.default\">\n\t\t\t\t\t\t\t<div class=\"elementor-divider\">\n\t\t\t<span class=\"elementor-divider-separator\">\n\t\t\t\t\t\t<\/span>\n\t\t<\/div>\n\t\t\t\t\t\t<\/div>\n\t\t\t\t<section class=\"elementor-section elementor-inner-section elementor-element elementor-element-fc16572 elementor-section-boxed elementor-section-height-default elementor-section-height-default\" data-id=\"fc16572\" data-element_type=\"section\">\n\t\t\t\t\t\t<div class=\"elementor-container elementor-column-gap-default\">\n\t\t\t\t\t<div class=\"elementor-column elementor-col-100 elementor-inner-column elementor-element elementor-element-2b4a8b6\" data-id=\"2b4a8b6\" data-element_type=\"column\">\n\t\t\t<div class=\"elementor-widget-wrap elementor-element-populated\">\n\t\t\t\t\t\t<div class=\"elementor-element elementor-element-6914fa0 elementor-widget-tablet__width-inherit elementor-widget elementor-widget-counter\" data-id=\"6914fa0\" data-element_type=\"widget\" data-widget_type=\"counter.default\">\n\t\t\t\t\t\t\t<div class=\"elementor-counter\">\n\t\t\t<h4 class=\"elementor-counter-title\">Partenaires &amp; clients r\u00e9guliers<\/h4>\t\t\t<div class=\"elementor-counter-number-wrapper\">\n\t\t\t\t<span class=\"elementor-counter-number-prefix\"><\/span>\n\t\t\t\t<span class=\"elementor-counter-number\" data-duration=\"2000\" data-to-value=\"50\" data-from-value=\"0\" data-delimiter=\",\">0<\/span>\n\t\t\t\t<span class=\"elementor-counter-number-suffix\">+<\/span>\n\t\t\t<\/div>\n\t\t<\/div>\n\t\t\t\t\t\t<\/div>\n\t\t\t\t<div class=\"elementor-element elementor-element-b886dfd elementor-widget elementor-widget-text-editor\" data-id=\"b886dfd\" data-element_type=\"widget\" data-widget_type=\"text-editor.default\">\n\t\t\t\t\t\t\t\t\tOur reputation for excellent car servicing and repairs spread throughout West Auckland creating a demand beyond the Avondale.\t\t\t\t\t\t\t\t<\/div>\n\t\t\t\t\t<\/div>\n\t\t<\/div>\n\t\t\t\t\t<\/div>\n\t\t<\/section>\n\t\t\t\t\t<\/div>\n\t\t<\/div>\n\t\t\t\t<div class=\"elementor-column elementor-col-50 elementor-top-column elementor-element elementor-element-e957830\" data-id=\"e957830\" data-element_type=\"column\">\n\t\t\t<div class=\"elementor-widget-wrap elementor-element-populated\">\n\t\t\t\t\t\t<section class=\"elementor-section elementor-inner-section elementor-element elementor-element-e935677 elementor-section-content-middle elementor-section-boxed elementor-section-height-default elementor-section-height-default\" data-id=\"e935677\" data-element_type=\"section\">\n\t\t\t\t\t\t<div class=\"elementor-container elementor-column-gap-no\">\n\t\t\t\t\t<div class=\"elementor-column elementor-col-50 elementor-inner-column elementor-element elementor-element-e03608c elementor-hidden-mobile\" data-id=\"e03608c\" data-element_type=\"column\">\n\t\t\t<div class=\"elementor-widget-wrap elementor-element-populated\">\n\t\t\t\t\t\t<div class=\"elementor-element elementor-element-cc8e463 elementor-widget elementor-widget-image\" data-id=\"cc8e463\" data-element_type=\"widget\" data-widget_type=\"image.default\">\n\t\t\t\t\t\t\t\t\t\t\t\t\t\t\t<img decoding=\"async\" src=\"https:\/\/by-taxi-lille.fr\/wp-content\/uploads\/elementor\/thumbs\/2148176168-rcam3jzc05aeb61x6fbqdcyezhpyms2uvhrllkht1c.jpg\" title=\"2148176168\" alt=\"2148176168\" loading=\"lazy\" \/>\t\t\t\t\t\t\t\t\t\t\t\t\t\t\t<\/div>\n\t\t\t\t\t<\/div>\n\t\t<\/div>\n\t\t\t\t<div class=\"elementor-column elementor-col-50 elementor-inner-column elementor-element elementor-element-2913024\" data-id=\"2913024\" data-element_type=\"column\" data-settings=\"{&quot;background_background&quot;:&quot;classic&quot;}\">\n\t\t\t<div class=\"elementor-widget-wrap elementor-element-populated\">\n\t\t\t\t\t\t<div class=\"elementor-element elementor-element-f919fc4 elementor-view-stacked elementor-shape-circle elementor-position-top elementor-mobile-position-top elementor-widget elementor-widget-icon-box\" data-id=\"f919fc4\" data-element_type=\"widget\" data-widget_type=\"icon-box.default\">\n\t\t\t\t\t\t\t<div class=\"elementor-icon-box-wrapper\">\n\n\t\t\t\t\t\t<div class=\"elementor-icon-box-icon\">\n\t\t\t\t<span  class=\"elementor-icon\">\n\t\t\t\t<svg aria-hidden=\"true\" class=\"e-font-icon-svg e-far-gem\" viewBox=\"0 0 576 512\" xmlns=\"http:\/\/www.w3.org\/2000\/svg\"><path d=\"M464 0H112c-4 0-7.8 2-10 5.4L2 152.6c-2.9 4.4-2.6 10.2.7 14.2l276 340.8c4.8 5.9 13.8 5.9 18.6 0l276-340.8c3.3-4.1 3.6-9.8.7-14.2L474.1 5.4C471.8 2 468.1 0 464 0zm-19.3 48l63.3 96h-68.4l-51.7-96h56.8zm-202.1 0h90.7l51.7 96H191l51.6-96zm-111.3 0h56.8l-51.7 96H68l63.3-96zm-43 144h51.4L208 352 88.3 192zm102.9 0h193.6L288 435.3 191.2 192zM368 352l68.2-160h51.4L368 352z\"><\/path><\/svg>\t\t\t\t<\/span>\n\t\t\t<\/div>\n\t\t\t\n\t\t\t\t\t\t<div class=\"elementor-icon-box-content\">\n\n\t\t\t\t\t\t\t\t\t<h3 class=\"elementor-icon-box-title\">\n\t\t\t\t\t\t<span  >\n\t\t\t\t\t\t\t15+\t\t\t\t\t\t<\/span>\n\t\t\t\t\t<\/h3>\n\t\t\t\t\n\t\t\t\t\t\t\t\t\t<p class=\"elementor-icon-box-description\">\n\t\t\t\t\t\tAnn\u00e9es d'exp\u00e9riences\t\t\t\t\t<\/p>\n\t\t\t\t\n\t\t\t<\/div>\n\t\t\t\n\t\t<\/div>\n\t\t\t\t\t\t<\/div>\n\t\t\t\t<div class=\"elementor-element elementor-element-4b4169c elementor-view-stacked elementor-shape-circle elementor-position-top elementor-mobile-position-top elementor-widget elementor-widget-icon-box\" data-id=\"4b4169c\" data-element_type=\"widget\" data-widget_type=\"icon-box.default\">\n\t\t\t\t\t\t\t<div class=\"elementor-icon-box-wrapper\">\n\n\t\t\t\t\t\t<div class=\"elementor-icon-box-icon\">\n\t\t\t\t<span  class=\"elementor-icon\">\n\t\t\t\t<svg aria-hidden=\"true\" class=\"e-font-icon-svg e-fas-car-alt\" viewBox=\"0 0 480 512\" xmlns=\"http:\/\/www.w3.org\/2000\/svg\"><path d=\"M438.66 212.33l-11.24-28.1-19.93-49.83C390.38 91.63 349.57 64 303.5 64h-127c-46.06 0-86.88 27.63-103.99 70.4l-19.93 49.83-11.24 28.1C17.22 221.5 0 244.66 0 272v48c0 16.12 6.16 30.67 16 41.93V416c0 17.67 14.33 32 32 32h32c17.67 0 32-14.33 32-32v-32h256v32c0 17.67 14.33 32 32 32h32c17.67 0 32-14.33 32-32v-54.07c9.84-11.25 16-25.8 16-41.93v-48c0-27.34-17.22-50.5-41.34-59.67zm-306.73-54.16c7.29-18.22 24.94-30.17 44.57-30.17h127c19.63 0 37.28 11.95 44.57 30.17L368 208H112l19.93-49.83zM80 319.8c-19.2 0-32-12.76-32-31.9S60.8 256 80 256s48 28.71 48 47.85-28.8 15.95-48 15.95zm320 0c-19.2 0-48 3.19-48-15.95S380.8 256 400 256s32 12.76 32 31.9-12.8 31.9-32 31.9z\"><\/path><\/svg>\t\t\t\t<\/span>\n\t\t\t<\/div>\n\t\t\t\n\t\t\t\t\t\t<div class=\"elementor-icon-box-content\">\n\n\t\t\t\t\t\t\t\t\t<h3 class=\"elementor-icon-box-title\">\n\t\t\t\t\t\t<span  >\n\t\t\t\t\t\t\t15K+\t\t\t\t\t\t<\/span>\n\t\t\t\t\t<\/h3>\n\t\t\t\t\n\t\t\t\t\t\t\t\t\t<p class=\"elementor-icon-box-description\">\n\t\t\t\t\t\tCourses r\u00e9alis\u00e9es\t\t\t\t\t<\/p>\n\t\t\t\t\n\t\t\t<\/div>\n\t\t\t\n\t\t<\/div>\n\t\t\t\t\t\t<\/div>\n\t\t\t\t<div class=\"elementor-element elementor-element-b8eb927 elementor-view-stacked elementor-shape-circle elementor-position-top elementor-mobile-position-top elementor-widget elementor-widget-icon-box\" data-id=\"b8eb927\" data-element_type=\"widget\" data-widget_type=\"icon-box.default\">\n\t\t\t\t\t\t\t<div class=\"elementor-icon-box-wrapper\">\n\n\t\t\t\t\t\t<div class=\"elementor-icon-box-icon\">\n\t\t\t\t<span  class=\"elementor-icon\">\n\t\t\t\t<svg aria-hidden=\"true\" class=\"e-font-icon-svg e-far-check-circle\" viewBox=\"0 0 512 512\" xmlns=\"http:\/\/www.w3.org\/2000\/svg\"><path d=\"M256 8C119.033 8 8 119.033 8 256s111.033 248 248 248 248-111.033 248-248S392.967 8 256 8zm0 48c110.532 0 200 89.451 200 200 0 110.532-89.451 200-200 200-110.532 0-200-89.451-200-200 0-110.532 89.451-200 200-200m140.204 130.267l-22.536-22.718c-4.667-4.705-12.265-4.736-16.97-.068L215.346 303.697l-59.792-60.277c-4.667-4.705-12.265-4.736-16.97-.069l-22.719 22.536c-4.705 4.667-4.736 12.265-.068 16.971l90.781 91.516c4.667 4.705 12.265 4.736 16.97.068l172.589-171.204c4.704-4.668 4.734-12.266.067-16.971z\"><\/path><\/svg>\t\t\t\t<\/span>\n\t\t\t<\/div>\n\t\t\t\n\t\t\t\t\t\t<div class=\"elementor-icon-box-content\">\n\n\t\t\t\t\t\t\t\t\t<h3 class=\"elementor-icon-box-title\">\n\t\t\t\t\t\t<span  >\n\t\t\t\t\t\t\t100%\t\t\t\t\t\t<\/span>\n\t\t\t\t\t<\/h3>\n\t\t\t\t\n\t\t\t\t\t\t\t\t\t<p class=\"elementor-icon-box-description\">\n\t\t\t\t\t\tClients satisfaits\t\t\t\t\t<\/p>\n\t\t\t\t\n\t\t\t<\/div>\n\t\t\t\n\t\t<\/div>\n\t\t\t\t\t\t<\/div>\n\t\t\t\t\t<\/div>\n\t\t<\/div>\n\t\t\t\t\t<\/div>\n\t\t<\/section>\n\t\t\t\t\t<\/div>\n\t\t<\/div>\n\t\t\t\t\t<\/div>\n\t\t<\/section>\n\t\t\t\t<section class=\"elementor-section elementor-top-section elementor-element elementor-element-e25ca00 elementor-section-content-middle elementor-section-boxed elementor-section-height-default elementor-section-height-default\" data-id=\"e25ca00\" data-element_type=\"section\">\n\t\t\t\t\t\t<div class=\"elementor-container elementor-column-gap-narrow\">\n\t\t\t\t\t<div class=\"elementor-column elementor-col-50 elementor-top-column elementor-element elementor-element-037a62e\" data-id=\"037a62e\" data-element_type=\"column\">\n\t\t\t<div class=\"elementor-widget-wrap elementor-element-populated\">\n\t\t\t\t\t\t<div class=\"elementor-element elementor-element-90ed68e elementor-widget elementor-widget-heading\" data-id=\"90ed68e\" data-element_type=\"widget\" data-widget_type=\"heading.default\">\n\t\t\t\t\t<h2 class=\"elementor-heading-title elementor-size-default\">Ponctualit\u00e9 et clart\u00e9 \u00e0 chaque trajet<\/h2>\t\t\t\t<\/div>\n\t\t\t\t<div class=\"elementor-element elementor-element-5d4f5b9 elementor-widget elementor-widget-text-editor\" data-id=\"5d4f5b9\" data-element_type=\"widget\" data-widget_type=\"text-editor.default\">\n\t\t\t\t\t\t\t\t\t<p data-start=\"2994\" data-end=\"3357\"><strong data-start=\"2994\" data-end=\"3063\"><em>R\u00e9servation simple, information transparente et horaire respect\u00e9<\/em>.<\/strong> Nous ajustons l\u2019itin\u00e9raire pour r\u00e9duire l\u2019attente et vous d\u00e9poser au bon endroit (rendez-vous pro, gare, a\u00e9roport, clinique\u2026). Chauffeur attentif, v\u00e9hicule propre, suivi en direct et re\u00e7u par e-mail : tout est pens\u00e9 pour un d\u00e9placement fluide et sans impr\u00e9vu, \u00e0 Lille &amp; sur toute la M\u00e9tropole.<\/p>\t\t\t\t\t\t\t\t<\/div>\n\t\t\t\t\t<\/div>\n\t\t<\/div>\n\t\t\t\t<div class=\"elementor-column elementor-col-50 elementor-top-column elementor-element elementor-element-d0c1523\" data-id=\"d0c1523\" data-element_type=\"column\">\n\t\t\t<div class=\"elementor-widget-wrap elementor-element-populated\">\n\t\t\t\t\t\t<div class=\"elementor-element elementor-element-7659aff elementor-hidden-mobile elementor-widget elementor-widget-image\" data-id=\"7659aff\" data-element_type=\"widget\" data-widget_type=\"image.default\">\n\t\t\t\t\t\t\t\t\t\t\t\t\t\t\t<img decoding=\"async\" width=\"640\" height=\"543\" src=\"https:\/\/by-taxi-lille.fr\/wp-content\/uploads\/2025\/09\/16249-e1758835698608.jpg\" class=\"attachment-large size-large wp-image-16360\" alt=\"\" srcset=\"https:\/\/by-taxi-lille.fr\/wp-content\/uploads\/2025\/09\/16249-e1758835698608.jpg 662w, https:\/\/by-taxi-lille.fr\/wp-content\/uploads\/2025\/09\/16249-e1758835698608-300x255.jpg 300w\" sizes=\"(max-width: 640px) 100vw, 640px\" \/>\t\t\t\t\t\t\t\t\t\t\t\t\t\t\t<\/div>\n\t\t\t\t\t<\/div>\n\t\t<\/div>\n\t\t\t\t\t<\/div>\n\t\t<\/section>\n\t\t\t\t<section class=\"elementor-section elementor-top-section elementor-element elementor-element-5ec766d elementor-section-boxed elementor-section-height-default elementor-section-height-default\" data-id=\"5ec766d\" data-element_type=\"section\" data-settings=\"{&quot;background_background&quot;:&quot;classic&quot;}\">\n\t\t\t\t\t\t<div class=\"elementor-container elementor-column-gap-default\">\n\t\t\t\t\t<div class=\"elementor-column elementor-col-100 elementor-top-column elementor-element elementor-element-6815bd3\" data-id=\"6815bd3\" data-element_type=\"column\">\n\t\t\t<div class=\"elementor-widget-wrap elementor-element-populated\">\n\t\t\t\t\t\t<div class=\"elementor-element elementor-element-3d45781 elementor-widget__width-initial animated-fast elementor-invisible elementor-widget elementor-widget-ci_heading\" data-id=\"3d45781\" data-element_type=\"widget\" data-settings=\"{&quot;_animation&quot;:&quot;zoomIn&quot;}\" data-widget_type=\"ci_heading.default\">\n\t\t\t\t<div class=\"elementor-widget-container\">\n\t\t\t\t\t<div class=\"section-title\"><span class=\"sec-subtitle-text mb-30\" ><small class=\"line-design line-design-left\"><\/small>Votre chauffeur \u00e0 port\u00e9e de main<small class=\"line-design line-design-right\"><\/small><\/span><h2\n\t\tclass=\"heading-title\">\n\n\t\tLe meilleur service de <i>Taxi \u00e0 lille<br>company<\/i>  depuis 2022\n\n\t\t<\/h2><\/div>\t\t\t\t<\/div>\n\t\t\t\t<\/div>\n\t\t\t\t<div class=\"elementor-element elementor-element-d0f18b0 animated-fast elementor-invisible elementor-widget elementor-widget-Ci_button\" data-id=\"d0f18b0\" data-element_type=\"widget\" data-settings=\"{&quot;_animation&quot;:&quot;fadeInUp&quot;}\" data-widget_type=\"Ci_button.default\">\n\t\t\t\t<div class=\"elementor-widget-container\">\n\t\t\t\t\t<div class=\"cdx-button-wrapper\" data-style=\"button--ujarak\"><a href=\"https:\/\/calendar.app.google\/i3gEjV3gQkmrFYcy9\" class=\" cdx-button button--ujarak\" data-text=\"R\u00e9server une course\"> <i class=\"button__icon far fa-arrow-alt-circle-right\" aria-hidden=\"true\"><\/i><span>R\u00e9server une course<\/span><\/a><\/div>\t\t\t\t\t\t<\/div>\n\t\t\t\t<\/div>\n\t\t\t\t\t<\/div>\n\t\t<\/div>\n\t\t\t\t\t<\/div>\n\t\t<\/section>\n\t\t\t\t<\/div>\n\t\t","protected":false},"excerpt":{"rendered":"<p>Nos services Des services fiables, des trajets en toute s\u00e9r\u00e9nit\u00e9 NOS TARIFS TRANSPARENTS Jour de 7h \u00e0 19h &#8211; Aller simple : 2,42 \u20ac \/ km Nuit de 19h \u00e0 7h &#8211; Aller simple : 3,10 \u20ac \/ km Confort, discr\u00e9tion et s\u00e9curit\u00e9 au quotidien Installez-vous, on s\u2019occupe de tout. &#8230;<\/p>\n","protected":false},"author":1,"featured_media":0,"parent":0,"menu_order":0,"comment_status":"closed","ping_status":"closed","template":"elementor_header_footer","meta":{"om_disable_all_campaigns":false,"_monsterinsights_skip_tracking":false,"_monsterinsights_sitenote_active":false,"_monsterinsights_sitenote_note":"","_monsterinsights_sitenote_category":0,"footnotes":""},"class_list":["post-14472","page","type-page","status-publish","hentry"],"aioseo_notices":[],"_links":{"self":[{"href":"https:\/\/by-taxi-lille.fr\/index.php\/wp-json\/wp\/v2\/pages\/14472","targetHints":{"allow":["GET"]}}],"collection":[{"href":"https:\/\/by-taxi-lille.fr\/index.php\/wp-json\/wp\/v2\/pages"}],"about":[{"href":"https:\/\/by-taxi-lille.fr\/index.php\/wp-json\/wp\/v2\/types\/page"}],"author":[{"embeddable":true,"href":"https:\/\/by-taxi-lille.fr\/index.php\/wp-json\/wp\/v2\/users\/1"}],"replies":[{"embeddable":true,"href":"https:\/\/by-taxi-lille.fr\/index.php\/wp-json\/wp\/v2\/comments?post=14472"}],"version-history":[{"count":29,"href":"https:\/\/by-taxi-lille.fr\/index.php\/wp-json\/wp\/v2\/pages\/14472\/revisions"}],"predecessor-version":[{"id":16516,"href":"https:\/\/by-taxi-lille.fr\/index.php\/wp-json\/wp\/v2\/pages\/14472\/revisions\/16516"}],"wp:attachment":[{"href":"https:\/\/by-taxi-lille.fr\/index.php\/wp-json\/wp\/v2\/media?parent=14472"}],"curies":[{"name":"wp","href":"https:\/\/api.w.org\/{rel}","templated":true}]}}